2
What is 2606 (base 12) in base 7?
15420
Convert 453124131 (base 6) to base 16.
7e2e57
Convert 351151 (base 9) to base 7.
1535413
-36a712 (base 11) to base 14
-11337b
-1320013120 (base 4) to base 7
-4116244
What is 3233903 (base 13) in base 6?
1304143055
Convert -1a0a (base 14) to base 15.
-15e4
What is -1001100100110111111100 (base 2) in base 14?
-494bb6
Convert -10211121212 (base 3) to base 6.
-1341422
-510989 (base 10) to base 9
-857845
What is 171306 (base 10) in base 15?
35b56
Convert 3474716 (base 11) to base 7.
102400454
What is -171842 (base 9) in base 2?
-11001111110010111
303557 (base 8) to base 2
11000011101101111
-674006 (base 8) to base 2
-110111100000000110
What is -918461 (base 11) in base 8?
-5501343
Convert -c20614 (base 14) to base 15.
-8905ae
Convert 340342 (base 6) to base 4.
12333212
23130231002 (base 4) to base 15
3e436e
Convert -401866 (base 14) to base 12.
-87b616
What is -230232333 (base 4) in base 5?
-21330411
What is 2112102100 (base 3) in base 2?
1100001011010110
Convert 1100000001110011011 (base 2) to base 3.
202000122202
What is 1000200022 (base 3) in base 7?
112553
-3536b1 (base 12) to base 5
-204400412
What is 7785d (base 14) in base 5?
33233041
What is 705929 (base 12) in base 13?
494484
10203003 (base 4) to base 16
48c3
What is -49630 (base 11) in base 9?
-117724
-675840 (base 9) to base 13
-1121a3
What is -127829a (base 12) in base 4?
-31321122112
-3dea7 (base 16) to base 12
-10291b
530124 (base 12) to base 13
369901
-4403502 (base 7) to base 10
-539100
Convert -12481017 (base 9) to base 10.
-6135280
-35466 (base 8) to base 5
-441113
-2213203 (base 6) to base 13
-3b616
Convert -1a3785 (base 11) to base 4.
-1030101022
What is -201000202000 (base 3) in base 8?
-1333365
Convert 40340223 (base 6) to base 13.
3128c1
What is d626 (base 14) in base 6?
442430
Convert -27dda1 (base 16) to base 5.
-1132101031
What is -82089c (base 13) in base 16?
-2e37d3
467a0c (base 13) to base 5
412023434
-227c43 (base 14) to base 6
-41055351
Convert 124432 (base 9) to base 3.
10211111002
What is 106aa2 (base 12) in base 4?
333222122
-762466 (base 8) to base 9
-428161
What is 132121112 (base 4) in base 2?
11110011001010110
Convert -7862b5 (base 13) to base 12.
-b50273
Convert -3b1bb8b (base 12) to base 8.
-54612733
2493969 (base 11) to base 6
232403404
20610211 (base 7) to base 8
6532643
Convert 110233311111 (base 4) to base 3.
101020022122020
What is -1101100000010001 (base 2) in base 11?
-38615
What is 161125224 (base 7) in base 11?
6139694
Convert 2344033420 (base 5) to base 4.
110303321331
What is -3422220004 (base 5) in base 12?
-2673abb
-10020221 (base 7) to base 12
-33b522
Convert -2126760 (base 12) to base 3.
-102210201221000
Convert 2122317 (base 9) to base 15.
176c4a
-131245315 (base 6) to base 11
-1508461
What is -33442322 (base 5) in base 12?
-123777
Convert -578b7 (base 12) to base 14.
-3093d
Convert 536783 (base 10) to base 12.
21a77b
-2847417 (base 9) to base 4
-11332203301
14405412 (base 6) to base 10
498896
What is -56421524 (base 8) in base 16?
-ba2354
What is 237347 (base 12) in base 8?
2136047
What is -2424466 (base 7) in base 10?
-308944
Convert -7585433 (base 10) to base 15.
-9ec808
What is -41412223 (base 5) in base 16?
-5363b
What is -642439 (base 10) in base 11?
-3a9746
Convert -121331310 (base 4) to base 11.
-729a8
-4046738 (base 12) to base 9
-24577388
-1022100112 (base 3) to base 16
-64ac
1218627 (base 9) to base 8
2415653
Convert 18c6c1 (base 13) to base 11.
399348
313532 (base 7) to base 4
31031213
199469 (base 10) to base 16
30b2d
Convert -15115232 (base 6) to base 14.
-d8aa0
-3c3464 (base 13) to base 3
-2202101011202
What is -1100011101100011001 (base 2) in base 16?
-63b19
231403 (base 8) to base 16
13303
Convert 205459 (base 10) to base 9.
342747
Convert 3034321404 (base 5) to base 6.
340103224
-cc65 (base 13) to base 9
-43048
What is -48763 (base 12) in base 10?
-97851
Convert 848ac1 (base 16) to base 10.
8686273
-9c840a (base 14) to base 8
-24236572
Convert -12332551 (base 6) to base 11.
-2543a3
What is 229098 (base 12) in base 14?
10628c
What is 177396 (base 11) in base 6?
5505215
Convert 6c97ae (base 15) to base 7.
62110202
Convert 306af (base 16) to base 5.
22321234
c31f (base 16) to base 12
24aa7
What is 372621 (base 13) in base 3?
2111000122210
Convert 2c73b (base 16) to base 14.
4a4d5
What is -b3531 (base 15) in base 14?
-10b0b9
What is -16351e (base 16) in base 14?
-29c566
-432827 (base 10) to base 7
-3451613
What is -1304236 (base 7) in base 9?
-277537
What is -10c7e (base 15) in base 14?
-15696
What is -10121003022 (base 4) in base 10?
-1151178
628030 (base 9) to base 5
43421100
2d205 (base 16) to base 5
21403322
What is -114728a (base 11) in base 14?
-3a1249
-410143200 (base 5) to base 14
-30c159
What is -5c2b7e (base 16) in base 7?
-102225426
What is 122139 (base 12) in base 13?
a3a46
Convert -716024 (base 8) to base 13.
-838a3
What is 153433 (base 13) in base 16?
7f4bf
Convert 2013342 (base 8) to base 10.
530146
What is 1502405 (base 7) in base 3?
101021212122
What is -13300736 (base 8) in base 5?
-1230413431
-3a601 (base 13) to base 2
-11010100001111100
1002160 (base 7) to base 9
200404
66634012 (base 7) to base 10
5756578
Convert 84b361 (base 12) to base 13.
583939
-10110110001111000110010 (base 2) to base 15
-7ce506
-600ae (base 16) to base 5
-100042030
What is 11111111111011000 (base 2) in base 9?
218661
-181666 (base 14) to base 12
-34b4b6
101021111010 (base 3) to base 12
99093
Convert 662448 (base 10) to base 6.
22110520
What is 120113132 (base 4) in base 5?
11143211
What is 33022201022 (base 4) in base 8?
17124112
-450255531 (base 6) to base 14
-111d007
What is -41d56 (base 16) in base 3?
-111200220012
-1011001001001001010001 (base 2) to base 12
-b8a501
-103d3b8 (base 15) to base 9
-23720612
Convert -3131300030 (base 5) to base 12.
-221b012
What is -238356 (base 9) in base 5?
-14101112
Convert 10044321 (base 5) to base 8.
236473
Convert 11232251 (base 6) to base 14.
9042b
463503 (base 10) to base 16
7128f
Convert -83441 (base 9) to base 6.
-1102444
-91d36 (base 14) to base 11
-21a858
What is -10210031140 (base 5) in base 2?
-101000100010011111100101
Convert 40002440 (base 5) to base 10.
312870
What is 23348426 (base 9) in base 6?
1043410040
Convert 766ab (base 13) to base 12.
a3bb4
-197193 (base 12) to base 14
-b92a3
What is -1000030131 (base 4) in base 9?
-440616
Convert 4446364 (base 8) to base 2.
100100100110011110100
What is -b8b885 (base 13) in base 15?
-5aa679
23121400 (base 5) to base 6
4241405
What is -1233550 (base 7) in base 9?
-263147
-111210112000 (base 3) to base 16
-424ce
What is -11043001 (base 5) in base 14?
-272dc
Convert -7681208 (base 9) to base 15.
-568098
-22452 (base 12) to base 15
-d77b
10000011110001001101 (base 2) to base 10
539725
What is 5a17b (base 14) in base 8?
655261
What is 4202a6 (base 13) in base 4?
11320221300
Convert 3213030421 (base 5) to base 2.
11001110100001111111011
What is 4704a68 (base 12) in base 5?
12001203232
Convert 209292 (base 14) to base 5.
240211424
Convert -101011010100010100011 (base 2) to base 15.
-1d0887
What is -54015666 (base 7) in base 13?
-c4a61c
What is 112444410 (base 5) in base 9?
865244
What is 1ce63 (base 15) in base 13?
33c51
-3172650 (base 11) to base 15
-753c5e
-1e273 (base 15) to base 16
-18081
104bc31 (base 13) to base 4
102330231320
330212041 (base 6) to base 16
59f719
Convert -1001011011100001010 (base 2) to base 5.
-34342002
-65053114 (base 7) to base 12
-1a33631
-154059 (base 15) to base 5
-230313314
What is -636131 (base 8) in base 6?
-4313425
Convert -31684e (base 15) to base 5.
-1100211444
Convert 33013220 (base 5) to base 3.
112100020221
Convert -33023555 (base 6) to base 16.
-f00bf
What is 5113562 (base 7) in base 6?
21014215
-10111111000101100001001 (base 2) to base 8
-27705411
What is 11000111101110001 (base 2) in base 16?
18f71
-54211 (base 10) to base 8
-151703
What is -84328 (base 13) in base 14?
-6294d
-100022121221 (base 3) to base 10
-183436
Convert 331340120 (base 5) to base 2.
101011110000010111001
-1220012001120 (base 3) to base 14
-1c325a
What is -ddaaa7 (base 14) in base 4?
-130230012123
What is -3a57619 (base 11) in base 8?
-32570315
Convert ea53b (base 16) to base 8.
3522473
Convert 